[INFO] cloning repository https://github.com/skeleten/AlertTests
[INFO] running `Command { std: "git" "-c" "credential.helper=" "-c" "credential.helper=/workspace/cargo-home/bin/git-credential-null" "clone" "--bare" "https://github.com/skeleten/AlertTests" "/workspace/cache/git-repos/https%3A%2F%2Fgithub.com%2Fskeleten%2FAlertTests", kill_on_drop: false }`
[INFO] [stderr] Cloning into bare repository '/workspace/cache/git-repos/https%3A%2F%2Fgithub.com%2Fskeleten%2FAlertTests'...
[INFO] running `Command { std: "git" "rev-parse" "HEAD", kill_on_drop: false }`
[INFO] [stdout] f9aba959a5bc557cab441efced56f13b1947d325
[INFO] checking skeleten/AlertTests against try#72f88fc4e9458f89516a0b8b0868f3718aec5b47 for pr-74989
[INFO] running `Command { std: "git" "clone" "/workspace/cache/git-repos/https%3A%2F%2Fgithub.com%2Fskeleten%2FAlertTests" "/workspace/builds/worker-2/source", kill_on_drop: false }`
[INFO] [stderr] Cloning into '/workspace/builds/worker-2/source'...
[INFO] [stderr] done.
[INFO] validating manifest of git repo https://github.com/skeleten/AlertTests on toolchain 72f88fc4e9458f89516a0b8b0868f3718aec5b47
[INFO] running `Command { std: "/workspace/cargo-home/bin/cargo" "+72f88fc4e9458f89516a0b8b0868f3718aec5b47" "read-manifest" "--manifest-path" "Cargo.toml", kill_on_drop: false }`
[INFO] started tweaking git repo https://github.com/skeleten/AlertTests
[INFO] finished tweaking git repo https://github.com/skeleten/AlertTests
[INFO] tweaked toml for git repo https://github.com/skeleten/AlertTests written to /workspace/builds/worker-2/source/Cargo.toml
[INFO] crate git repo https://github.com/skeleten/AlertTests already has a lockfile, it will not be regenerated
[INFO] running `Command { std: "/workspace/cargo-home/bin/cargo" "+72f88fc4e9458f89516a0b8b0868f3718aec5b47" "fetch" "--locked" "--manifest-path" "Cargo.toml", kill_on_drop: false }`
[INFO] [stderr] error: the lock file /workspace/builds/worker-2/source/Cargo.lock needs to be updated but --locked was passed to prevent this
[INFO] [stderr] If you want to try to generate the lock file without accessing the network, use the --offline flag.
[INFO] the lockfile is outdated, regenerating it
[INFO] running `Command { std: "/workspace/cargo-home/bin/cargo" "+72f88fc4e9458f89516a0b8b0868f3718aec5b47" "generate-lockfile" "--manifest-path" "Cargo.toml" "-Zno-index-update", kill_on_drop: false }`
[INFO] running `Command { std: "/workspace/cargo-home/bin/cargo" "+72f88fc4e9458f89516a0b8b0868f3718aec5b47" "fetch" "--locked" "--manifest-path" "Cargo.toml", kill_on_drop: false }`
[INFO] [stderr]     Blocking waiting for file lock on package cache
[INFO] [stderr]  Downloading crates ...
[INFO] [stderr]   Downloaded RustyXML v0.1.1
[INFO] [stderr]   Downloaded rss v0.2.3
[INFO] running `Command { std: "docker" "create" "-v" "/var/lib/crater-agent-workspace/builds/worker-2/target:/opt/rustwide/target:rw,Z" "-v" "/var/lib/crater-agent-workspace/builds/worker-2/source:/opt/rustwide/workdir:ro,Z" "-v" "/var/lib/crater-agent-workspace/cargo-home:/opt/rustwide/cargo-home:ro,Z" "-v" "/var/lib/crater-agent-workspace/rustup-home:/opt/rustwide/rustup-home:ro,Z" "-e" "SOURCE_DIR=/opt/rustwide/workdir" "-e" "CARGO_TARGET_DIR=/opt/rustwide/target" "-e" "CARGO_HOME=/opt/rustwide/cargo-home" "-e" "RUSTUP_HOME=/opt/rustwide/rustup-home" "-w" "/opt/rustwide/workdir" "-m" "1610612736" "--user" "0:0" "--network" "none" "rustops/crates-build-env@sha256:d92eaeed33fa75130ca1ee6c8a01d1ffb62bac859dfdfb3450e3e5d1c0146529" "/opt/rustwide/cargo-home/bin/cargo" "+72f88fc4e9458f89516a0b8b0868f3718aec5b47" "metadata" "--no-deps" "--format-version=1", kill_on_drop: false }`
[INFO] [stderr] WARNING: Your kernel does not support swap limit capabilities or the cgroup is not mounted. Memory limited without swap.
[INFO] [stdout] 1eb05c19dba707d630b3ba25084e1bd2de60932e4b0fd179001ac896cfb3bc06
[INFO] running `Command { std: "docker" "start" "-a" "1eb05c19dba707d630b3ba25084e1bd2de60932e4b0fd179001ac896cfb3bc06", kill_on_drop: false }`
[INFO] running `Command { std: "docker" "inspect" "1eb05c19dba707d630b3ba25084e1bd2de60932e4b0fd179001ac896cfb3bc06", kill_on_drop: false }`
[INFO] running `Command { std: "docker" "rm" "-f" "1eb05c19dba707d630b3ba25084e1bd2de60932e4b0fd179001ac896cfb3bc06", kill_on_drop: false }`
[INFO] [stdout] 1eb05c19dba707d630b3ba25084e1bd2de60932e4b0fd179001ac896cfb3bc06
[INFO] running `Command { std: "docker" "create" "-v" "/var/lib/crater-agent-workspace/builds/worker-2/target:/opt/rustwide/target:rw,Z" "-v" "/var/lib/crater-agent-workspace/builds/worker-2/source:/opt/rustwide/workdir:ro,Z" "-v" "/var/lib/crater-agent-workspace/cargo-home:/opt/rustwide/cargo-home:ro,Z" "-v" "/var/lib/crater-agent-workspace/rustup-home:/opt/rustwide/rustup-home:ro,Z" "-e" "SOURCE_DIR=/opt/rustwide/workdir" "-e" "CARGO_TARGET_DIR=/opt/rustwide/target" "-e" "CARGO_INCREMENTAL=0" "-e" "RUST_BACKTRACE=full" "-e" "RUSTFLAGS=--cap-lints=forbid" "-e" "CARGO_HOME=/opt/rustwide/cargo-home" "-e" "RUSTUP_HOME=/opt/rustwide/rustup-home" "-w" "/opt/rustwide/workdir" "-m" "1610612736" "--user" "0:0" "--network" "none" "rustops/crates-build-env@sha256:d92eaeed33fa75130ca1ee6c8a01d1ffb62bac859dfdfb3450e3e5d1c0146529" "/opt/rustwide/cargo-home/bin/cargo" "+72f88fc4e9458f89516a0b8b0868f3718aec5b47" "check" "--frozen" "--all" "--all-targets" "--message-format=json", kill_on_drop: false }`
[INFO] [stdout] d6446d529143e1b06e0232f2ff4a86831c3343351bf48f771df5dc89cee307ec
[INFO] [stderr] WARNING: Your kernel does not support swap limit capabilities or the cgroup is not mounted. Memory limited without swap.
[INFO] running `Command { std: "docker" "start" "-a" "d6446d529143e1b06e0232f2ff4a86831c3343351bf48f771df5dc89cee307ec", kill_on_drop: false }`
[INFO] [stderr]     Blocking waiting for file lock on package cache
[INFO] [stderr]    Compiling autocfg v1.0.1
[INFO] [stderr]    Compiling libc v0.2.77
[INFO] [stderr]    Compiling proc-macro2 v1.0.21
[INFO] [stderr]    Compiling unicode-xid v0.2.1
[INFO] [stderr]    Compiling syn v1.0.41
[INFO] [stderr]     Checking futures-core v0.3.5
[INFO] [stderr]    Compiling memchr v2.3.3
[INFO] [stderr]     Checking fnv v1.0.7
[INFO] [stderr]     Checking bytes v0.5.6
[INFO] [stderr]    Compiling pin-project-internal v0.4.23
[INFO] [stderr]     Checking slab v0.4.2
[INFO] [stderr]     Checking pin-project-lite v0.1.7
[INFO] [stderr]     Checking itoa v0.4.6
[INFO] [stderr]     Checking pin-utils v0.1.0
[INFO] [stderr]    Compiling httparse v1.3.4
[INFO] [stderr]     Checking futures-sink v0.3.5
[INFO] [stderr]     Checking futures-task v0.3.5
[INFO] [stderr]     Checking hashbrown v0.9.0
[INFO] [stderr]     Checking try-lock v0.2.3
[INFO] [stderr]     Checking RustyXML v0.1.1
[INFO] [stderr]     Checking tower-service v0.3.0
[INFO] [stderr]     Checking nom v1.2.4
[INFO] [stderr]     Checking tracing-core v0.1.16
[INFO] [stderr]     Checking futures-channel v0.3.5
[INFO] [stderr]     Checking want v0.3.0
[INFO] [stderr]     Checking rss v0.2.3
[INFO] [stderr]     Checking http v0.2.1
[INFO] [stderr]    Compiling num-traits v0.2.12
[INFO] [stderr]    Compiling num-integer v0.1.43
[INFO] [stderr]    Compiling num-iter v0.1.41
[INFO] [stderr]    Compiling indexmap v1.6.0
[INFO] [stderr]     Checking tracing v0.1.19
[INFO] [stderr]    Compiling quote v1.0.7
[INFO] [stderr]     Checking net2 v0.2.35
[INFO] [stderr]     Checking iovec v0.1.4
[INFO] [stderr]     Checking time v0.1.44
[INFO] [stderr]     Checking socket2 v0.3.15
[INFO] [stderr]     Checking mio v0.6.22
[INFO] [stderr]     Checking num v0.1.42
[INFO] [stderr]     Checking chrono v0.2.25
[INFO] [stderr]     Checking tokio v0.2.22
[INFO] [stderr]     Checking http-body v0.3.1
[INFO] [stderr]     Checking tokio-util v0.3.1
[INFO] [stderr]     Checking pin-project v0.4.23
[INFO] [stderr]     Checking futures-util v0.3.5
[INFO] [stderr]     Checking h2 v0.2.6
[INFO] [stderr]     Checking hyper v0.13.7
[INFO] [stderr]     Checking AlertsTest v0.1.0 (/opt/rustwide/workdir)
[INFO] [stdout] error[E0425]: cannot find value `Ok` in crate `hyper`
[INFO] [stdout]   --> src/main.rs:84:29
[INFO] [stdout]    |
[INFO] [stdout] 84 |     if res.status != hyper::Ok {
[INFO] [stdout]    |                             ^^ not found in `hyper`
[INFO] [stdout]    |
[INFO] [stdout] help: consider importing this tuple variant
[INFO] [stdout]    |
[INFO] [stdout] 6  | use std::result::Result::Ok;
[INFO] [stdout]    |
[INFO] [stdout] 
[INFO] [stdout] 
[INFO] [stdout] error[E0425]: cannot find value `Ok` in crate `hyper`
[INFO] [stdout]   --> src/main.rs:84:29
[INFO] [stdout]    |
[INFO] [stdout] 84 |     if res.status != hyper::Ok {
[INFO] [stdout]    |                             ^^ not found in `hyper`
[INFO] [stdout]    |
[INFO] [stdout] help: consider importing this tuple variant
[INFO] [stdout]    |
[INFO] [stdout] 6  | use std::result::Result::Ok;
[INFO] [stdout]    |
[INFO] [stdout] 
[INFO] [stdout] 
[INFO] [stdout] warning: unused imports: `digit`, `eof`
[INFO] [stdout]  --> src/main.rs:6:22
[INFO] [stdout]   |
[INFO] [stdout] 6 | use ::nom::{IResult, digit, eof};
[INFO] [stdout]   |                      ^^^^^  ^^^
[INFO] [stdout]   |
[INFO] [stdout]   = note: `#[warn(unused_imports)]` on by default
[INFO] [stdout] 
[INFO] [stdout] 
[INFO] [stdout] warning: unused import: `Write`
[INFO] [stdout]  --> src/main.rs:7:15
[INFO] [stdout]   |
[INFO] [stdout] 7 | use std::io::{Write, Read};
[INFO] [stdout]   |               ^^^^^
[INFO] [stdout] 
[INFO] [stdout] 
[INFO] [stdout] warning: unused imports: `digit`, `eof`
[INFO] [stdout]  --> src/main.rs:6:22
[INFO] [stdout]   |
[INFO] [stdout] 6 | use ::nom::{IResult, digit, eof};
[INFO] [stdout]   |                      ^^^^^  ^^^
[INFO] [stdout]   |
[INFO] [stdout]   = note: `#[warn(unused_imports)]` on by default
[INFO] [stdout] 
[INFO] [stdout] 
[INFO] [stdout] warning: unused import: `Write`
[INFO] [stdout]  --> src/main.rs:7:15
[INFO] [stdout]   |
[INFO] [stdout] 7 | use std::io::{Write, Read};
[INFO] [stdout]   |               ^^^^^
[INFO] [stdout] 
[INFO] [stdout] 
[INFO] [stdout] error[E0308]: mismatched types
[INFO] [stdout]   --> src/main.rs:80:36
[INFO] [stdout]    |
[INFO] [stdout] 80 |     let mut res = match client.get("http://content.warframe.com/dynamic/rss.php").send() {
[INFO] [stdout]    |                                    ^^^^^^^^^^^^^^^^^^^^^^^^^^^^^^^^^^^^^^^^^^^^^ expected struct `Uri`, found `&str`
[INFO] [stdout] 
[INFO] [stdout] 
[INFO] [stdout] error[E0599]: no method named `send` found for struct `hyper::client::ResponseFuture` in the current scope
[INFO] [stdout]   --> src/main.rs:80:83
[INFO] [stdout]    |
[INFO] [stdout] 80 |     let mut res = match client.get("http://content.warframe.com/dynamic/rss.php").send() {
[INFO] [stdout]    |                                                                                   ^^^^ method not found in `hyper::client::ResponseFuture`
[INFO] [stdout] 
[INFO] [stdout] 
[INFO] [stdout] warning: unused import: `Read`
[INFO] [stdout]  --> src/main.rs:7:22
[INFO] [stdout]   |
[INFO] [stdout] 7 | use std::io::{Write, Read};
[INFO] [stdout]   |                      ^^^^
[INFO] [stdout] 
[INFO] [stdout] 
[INFO] [stdout] error: aborting due to 3 previous errors; 3 warnings emitted
[INFO] [stdout] 
[INFO] [stdout] 
[INFO] [stdout] Some errors have detailed explanations: E0308, E0425, E0599.
[INFO] [stdout] 
[INFO] [stdout] For more information about an error, try `rustc --explain E0308`.
[INFO] [stdout] 
[INFO] [stderr] error: could not compile `AlertsTest`.
[INFO] [stderr] 
[INFO] [stderr] To learn more, run the command again with --verbose.
[INFO] [stderr] warning: build failed, waiting for other jobs to finish...
[INFO] [stdout] error[E0308]: mismatched types
[INFO] [stdout]   --> src/main.rs:80:36
[INFO] [stdout]    |
[INFO] [stdout] 80 |     let mut res = match client.get("http://content.warframe.com/dynamic/rss.php").send() {
[INFO] [stdout]    |                                    ^^^^^^^^^^^^^^^^^^^^^^^^^^^^^^^^^^^^^^^^^^^^^ expected struct `Uri`, found `&str`
[INFO] [stdout] 
[INFO] [stdout] 
[INFO] [stdout] error[E0599]: no method named `send` found for struct `hyper::client::ResponseFuture` in the current scope
[INFO] [stdout]   --> src/main.rs:80:83
[INFO] [stdout]    |
[INFO] [stdout] 80 |     let mut res = match client.get("http://content.warframe.com/dynamic/rss.php").send() {
[INFO] [stdout]    |                                                                                   ^^^^ method not found in `hyper::client::ResponseFuture`
[INFO] [stdout] 
[INFO] [stdout] 
[INFO] [stdout] warning: unused import: `Read`
[INFO] [stdout]  --> src/main.rs:7:22
[INFO] [stdout]   |
[INFO] [stdout] 7 | use std::io::{Write, Read};
[INFO] [stdout]   |                      ^^^^
[INFO] [stdout] 
[INFO] [stdout] 
[INFO] [stdout] error: aborting due to 3 previous errors; 3 warnings emitted
[INFO] [stdout] 
[INFO] [stdout] 
[INFO] [stdout] Some errors have detailed explanations: E0308, E0425, E0599.
[INFO] [stdout] 
[INFO] [stdout] For more information about an error, try `rustc --explain E0308`.
[INFO] [stdout] 
[INFO] [stderr] error: build failed
[INFO] running `Command { std: "docker" "inspect" "d6446d529143e1b06e0232f2ff4a86831c3343351bf48f771df5dc89cee307ec", kill_on_drop: false }`
[INFO] running `Command { std: "docker" "rm" "-f" "d6446d529143e1b06e0232f2ff4a86831c3343351bf48f771df5dc89cee307ec", kill_on_drop: false }`
[INFO] [stdout] d6446d529143e1b06e0232f2ff4a86831c3343351bf48f771df5dc89cee307ec
